{"id":62,"date":"2016-03-06T11:50:08","date_gmt":"2016-03-06T11:50:08","guid":{"rendered":"http:\/\/olympiclegacy.eu\/?page_id=62"},"modified":"2017-05-11T21:46:25","modified_gmt":"2017-05-11T21:46:25","slug":"meet-the-partners","status":"publish","type":"page","link":"http:\/\/olympiclegacy.eu\/index.php\/meet-the-partners\/","title":{"rendered":"Meet the Partners"},"content":{"rendered":"<p><strong>Everything is Possible<\/strong><\/p>\n<p><strong>UNITED KINGDOM<\/strong><\/p>\n<p><img loading=\"lazy\" decoding=\"async\" class=\"alignright wp-image-84\" src=\"http:\/\/olympiclegacy.eu\/wp-content\/uploads\/2016\/03\/partners-2-Everything-Is-Possible.jpg\" alt=\"partners 2 Everything Is Possible\" width=\"200\" height=\"200\" srcset=\"http:\/\/olympiclegacy.eu\/wp-content\/uploads\/2016\/03\/partners-2-Everything-Is-Possible.jpg 300w, http:\/\/olympiclegacy.eu\/wp-content\/uploads\/2016\/03\/partners-2-Everything-Is-Possible-150x150.jpg 150w\" sizes=\"auto, (max-width: 200px) 100vw, 200px\" \/>Everything is Possible is a not-for-profit organisation. When we formed Everything is Possible 16 years ago, our vision was to help the young people with fewer opportunities \u2014 offenders, jobless, uneducated, substance abusers as well as young people from ethnic minorities. We knew that non-formal learning through volunteering and experiencing new cultures was an enormously powerful way of helping people to improve themselves. The concept wasn\u2019t a new one, but we wanted to develop it with international partners and provide free opportunities to the young people who needed it the most. We also wanted to do it well. That meant building strong support, relationships, networks and infrastructure. This is exactly what we have done, Olympic Legacy being a prime example of this co-operation.<\/p>\n<p><strong><a href=\"http:\/\/www.everythingispossible.eu\/\" target=\"_blank\">Website<\/a><\/strong><\/p>\n<p><strong><a href=\"http:\/\/on.fb.me\/eveULJ\" target=\"_blank\">Facebook<\/a><\/strong><\/p>\n<p><strong><a href=\"http:\/\/bit.ly\/ia8W6r\" target=\"_blank\">Twitter<\/a><\/strong><\/p>\n<p><strong><a href=\"http:\/\/bit.ly\/10PXKep\" target=\"_blank\">YouTube<\/a><\/strong><\/p>\n<p>&nbsp;<br \/>\n&nbsp;<\/p>\n<p><strong>ACER BRASIL<\/strong><\/p>\n<p><strong>BRAZIL<\/strong><\/p>\n<p><img loading=\"lazy\" decoding=\"async\" class=\"alignright wp-image-26\" src=\"https:\/\/www.nationaltreasures.eu\/wp-content\/uploads\/2017\/04\/partners-3-ACER-BRASIL.jpg\" alt=\"\" width=\"200\" height=\"200\" \/>Founded in November 1993, ACER Brasil (Associa\u00e7\u00e3o de Apoio \u00e0 Crian\u00e7a em Risco) started its work focusing on the recuperation of street children in the centre of S\u00e3o Paulo. In 2001 ACER extended its work to include preventing children migrating to the streets through founding the Hummingbird Centre, where it initially offered services to 60 young people from the community in southern Diadema, S\u00e3o Paulo. In March of 2003 ACER transferred its activities to a new Community Centre. After 23 years of activity, ACER currently offers services to more than 7,000 children, young people and adults with activities to promote human and community development grouped in five areas: Social Work, Youth Protagonism, Sport for Social Impact and Local Economic Development.<\/p>\n<p><strong><a href=\"http:\/\/www.acerbrasil.org.br\/\" target=\"_blank\">Website<\/a><\/strong><\/p>\n<p><strong><a href=\"https:\/\/www.facebook.com\/acerbr\" target=\"_blank\">Facebook<\/a><\/strong><\/p>\n<p><strong><a href=\"https:\/\/twitter.com\/acerbrasil\" target=\"_blank\">Twitter<\/a><\/strong><\/p>\n<p><strong><a href=\"https:\/\/www.youtube.com\/user\/ACERBrasil\" target=\"_blank\">YouTube<\/a><\/strong><\/p>\n<p><strong><a href=\"http:\/\/www.flickr.com\/photos\/acerbrasil\/sets\/\" target=\"_blank\">Flickr<\/a><\/strong><\/p>\n<p>&nbsp;<br \/>\n&nbsp;<\/p>\n<p><strong>Funda\u00e7\u00e3o Gol de Letra<\/strong><\/p>\n<p><strong>BRAZIL<\/strong><\/p>\n<p><img loading=\"lazy\" decoding=\"async\" class=\"alignright wp-image-87\" src=\"http:\/\/olympiclegacy.eu\/wp-content\/uploads\/2016\/03\/partners-3-Gol-De-Letra.jpg\" alt=\"partners 3 Gol De Letra\" width=\"200\" height=\"200\" srcset=\"http:\/\/olympiclegacy.eu\/wp-content\/uploads\/2016\/03\/partners-3-Gol-De-Letra.jpg 600w, http:\/\/olympiclegacy.eu\/wp-content\/uploads\/2016\/03\/partners-3-Gol-De-Letra-150x150.jpg 150w, http:\/\/olympiclegacy.eu\/wp-content\/uploads\/2016\/03\/partners-3-Gol-De-Letra-480x480.jpg 480w\" sizes=\"auto, (max-width: 200px) 100vw, 200px\" \/>The Gol de Letra Foundation is a Brazilian NGO created to facilitate new perspectives for children, adolescents and young people from socially vulnerable communities through programs that complement school education, strengthen family ties and develop the community.<br \/>\nFounded in 1998 on International Human Rights Day by former prominent players of the Brazilian national football team Ra\u00ed Souza Vieira de Oliveira (Ra\u00ed) and Leonardo Nascimento de Ara\u00fajo (Leonardo), the Gol de Letra Foundation has served thousands of children, adolescents and young people, and has had a direct impact in their families and communities.<\/p>\n<p>Mission: To promote the integrated education of children, adolescents and young people through sports, culture and job training.<br \/>\nVision: To develop and disseminate practices which contribute to social transformation.<br \/>\nCore Values: Dignity, camaraderie, perseverance and solidarity.<\/p>\n<p><strong><a href=\"http:\/\/www.goldeletra.org.br\/default.aspx?lang=en\" target=\"_blank\">Website<\/a><\/strong><\/p>\n<p><strong><a href=\"https:\/\/www.facebook.com\/FundacaoGolDeLetra\/\" target=\"_blank\">Facebook<\/a><\/strong><\/p>\n<p><strong><a href=\"https:\/\/twitter.com\/FundGolDeLetra\" target=\"_blank\">Twitter<\/a><\/strong><\/p>\n<p>&nbsp;<\/p>\n<p>&nbsp;<\/p>\n<p>&nbsp;<\/p>\n<p><strong>Polg\u00e1r Alap\u00edtv\u00e1ny<\/strong><\/p>\n<p><strong>HUNGARY<\/strong><\/p>\n<p><img loading=\"lazy\" decoding=\"async\" class=\"alignright wp-image-90\" src=\"http:\/\/olympiclegacy.eu\/wp-content\/uploads\/2016\/03\/partners-4-Polgar-Alapitvany.jpg\" alt=\"partners 4 Polgar Alapitvany\" width=\"200\" height=\"200\" srcset=\"http:\/\/olympiclegacy.eu\/wp-content\/uploads\/2016\/03\/partners-4-Polgar-Alapitvany.jpg 600w, http:\/\/olympiclegacy.eu\/wp-content\/uploads\/2016\/03\/partners-4-Polgar-Alapitvany-150x150.jpg 150w, http:\/\/olympiclegacy.eu\/wp-content\/uploads\/2016\/03\/partners-4-Polgar-Alapitvany-480x480.jpg 480w\" sizes=\"auto, (max-width: 200px) 100vw, 200px\" \/>The foundation\u2019s mission is to improve the life chances and circumstances of disadvantaged, especially Roma communities and individuals living in remote areas of Hungary. As a responsible social mediator it takes the initiative to set up strategic cooperation with civil, private and public organizations to encourage them to take an active part in reducing poverty, discrimination and social tensions by offering donations and support. The foundation\u2019s activities have a special focus on young Roma people. In addition to supporting external programmes, the foundation launched some successful talent promotion programmes in the recent years. It has been running the so called Roma <a href=\"http:\/\/www.everythingispossible.eu\/?wpdmact=process&amp;did=MzYuaG90bGluaw==\" target=\"_blank\">football talent programme<\/a> since 2009, thus becoming a Talent Point member of the National Talent Development Council.<\/p>\n<p><strong><a href=\"http:\/\/polgaralapitvany.hu\/\" target=\"_blank\">Website<\/a><\/strong><\/p>\n<p><strong><a href=\"https:\/\/www.facebook.com\/Polg%C3%A1r-Alap%C3%ADtv%C3%A1ny-257807774362309\/?fref=ts\" target=\"_blank\">Facebook<\/a><\/strong><\/p>\n<p>&nbsp;<\/p>\n<p>&nbsp;<\/p>\n<p>&nbsp;<\/p>\n<p><strong>&#8212;- IN ASSOCIATION WITH &#8212;-<\/strong><\/p>\n<p>&nbsp;<\/p>\n<p><strong>Manor Church of England Academy<\/strong><\/p>\n<p><strong>UNITED KINGDOM<\/strong><\/p>\n<p><img loading=\"lazy\" decoding=\"async\" class=\"alignright wp-image-93\" src=\"http:\/\/olympiclegacy.eu\/wp-content\/uploads\/2016\/03\/partners-5-Manor.jpg\" alt=\"partners 5 Manor\" width=\"200\" height=\"200\" srcset=\"http:\/\/olympiclegacy.eu\/wp-content\/uploads\/2016\/03\/partners-5-Manor.jpg 600w, http:\/\/olympiclegacy.eu\/wp-content\/uploads\/2016\/03\/partners-5-Manor-150x150.jpg 150w, http:\/\/olympiclegacy.eu\/wp-content\/uploads\/2016\/03\/partners-5-Manor-480x480.jpg 480w\" sizes=\"auto, (max-width: 200px) 100vw, 200px\" \/>Manor C of E Academy has been serving the young people of York for over 203 years. Considered as one of the outstanding schools in the UK our aims reflect the teaching by Jesus on three key areas; <em>serving others, growing together and living life to the full<\/em>. As well as helping our young people to achieve academic success, we encourage our students to help those in Romania and Malawi and locally through the Leadership and Duke of Edinburgh awards.<\/p>\n<p><strong><a href=\"http:\/\/www.manorceacademy.org\/\" target=\"_blank\">Website<\/a><\/strong><\/p>\n<p>&nbsp;<\/p>\n<p>&nbsp;<\/p>\n<p>&nbsp;<\/p>\n<p>&nbsp;<\/p>\n<p><strong>i2i Sports<\/strong><\/p>\n<p><strong>UNITED KINGDOM<\/strong><\/p>\n<p>Coming soon<img loading=\"lazy\" decoding=\"async\" class=\"alignright wp-image-96\" src=\"http:\/\/olympiclegacy.eu\/wp-content\/uploads\/2016\/03\/partners-6-i2i-Sports.jpg\" alt=\"partners 6 i2i Sports\" width=\"200\" height=\"200\" srcset=\"http:\/\/olympiclegacy.eu\/wp-content\/uploads\/2016\/03\/partners-6-i2i-Sports.jpg 600w, http:\/\/olympiclegacy.eu\/wp-content\/uploads\/2016\/03\/partners-6-i2i-Sports-150x150.jpg 150w, http:\/\/olympiclegacy.eu\/wp-content\/uploads\/2016\/03\/partners-6-i2i-Sports-480x480.jpg 480w\" sizes=\"auto, (max-width: 200px) 100vw, 200px\" \/><\/p>\n<p><strong><a href=\"http:\/\/www.i2isports.com\/\" target=\"_blank\">Website<\/a><\/strong><\/p>\n<p><strong><a href=\"https:\/\/www.facebook.com\/i2isports\/?fref=ts\" target=\"_blank\">Facebook<\/a><\/strong><\/p>\n<p><strong><a href=\"https:\/\/twitter.com\/i2iSports\" target=\"_blank\">Twitter<\/a><\/strong><\/p>\n","protected":false},"excerpt":{"rendered":"<p>Everything is Possible UNITED KINGDOM Everything is Possible is a not-for-profit organisation. When we formed Everything is Possible 16 years ago, our vision was to help the young people with fewer opportunities \u2014 offenders, jobless, uneducated, substance abusers as well as young people from ethnic minorities. We knew that non-formal learning through volunteering and experiencing new cultures was an enormously &#8230;<\/p>\n","protected":false},"author":1,"featured_media":0,"parent":0,"menu_order":0,"comment_status":"closed","ping_status":"closed","template":"","meta":{"footnotes":""},"class_list":["post-62","page","type-page","status-publish","hentry"],"_links":{"self":[{"href":"http:\/\/olympiclegacy.eu\/index.php\/wp-json\/wp\/v2\/pages\/62","targetHints":{"allow":["GET"]}}],"collection":[{"href":"http:\/\/olympiclegacy.eu\/index.php\/wp-json\/wp\/v2\/pages"}],"about":[{"href":"http:\/\/olympiclegacy.eu\/index.php\/wp-json\/wp\/v2\/types\/page"}],"author":[{"embeddable":true,"href":"http:\/\/olympiclegacy.eu\/index.php\/wp-json\/wp\/v2\/users\/1"}],"replies":[{"embeddable":true,"href":"http:\/\/olympiclegacy.eu\/index.php\/wp-json\/wp\/v2\/comments?post=62"}],"version-history":[{"count":13,"href":"http:\/\/olympiclegacy.eu\/index.php\/wp-json\/wp\/v2\/pages\/62\/revisions"}],"predecessor-version":[{"id":627,"href":"http:\/\/olympiclegacy.eu\/index.php\/wp-json\/wp\/v2\/pages\/62\/revisions\/627"}],"wp:attachment":[{"href":"http:\/\/olympiclegacy.eu\/index.php\/wp-json\/wp\/v2\/media?parent=62"}],"curies":[{"name":"wp","href":"https:\/\/api.w.org\/{rel}","templated":true}]}}